t is b(w)?
4
Suppose -z + 9 - 17 = 5*m, z - 4*m = 10. Let w(h) = -4*h**2 - h + 5. Calculate w(z).
-13
Let s(d) = d**3 - 4*d**2 - 6*d + 8. Let m be (2672/(-32))/((10/(-4))/5). Let l = m + -162. Give s(l).
3
Suppose -2*x = -2*b - 10, -1 = -3*b - 2*x - 21. Let s be 6/(-2) + -3 - b. Let d(v) = -2*v - 15. Calculate d(s).
-15
Suppose -47*f - 4 = -43*f. Let i be (-1 - -2)*f/((-3)/(-276)). Let y = i + 90. Let b(n) = -n**2 + n - 1. Calculate b(y).
-7
Let d(z) = z**3 + z**2 - z + 18. Suppose 0 = 98*s + 75*s + 89*s. Determine d(s).
18
Let y(d) be the third derivative of -d**5/60 - d**4/6 - d**3/3 + 414*d**2 + 38*d. Suppose j + 6 = 1. Calculate y(j).
-7
Let o(j) = j**2 - 16*j + 39. Suppose -12912*f - 288 = -12936*f. What is o(f)?
-9
Let c(q) = q**2 - 8*q + 10. Suppose 0 = -2*h + r + 15 - 5, -4*r = -4*h + 20. Suppose -4*l + 10*i = h*i - 28, -l = -4*i - 7. Give c(l).
3
Let f be 1/3 + (-25)/(-15). Let m(k) = -2*k**2 + 15*k - 13. Let l be m(6). Let p(c) = 96 - 93 - l*c + 3*c. Give p(f).
-1
Let y(d) be the second derivative of d**5/30 - d**4/12 + d**3/2 + 37*d**2/2 + d + 8. Let l(v) be the second derivative of y(v). What is l(-1)?
-6
Let b(t) = -16*t + 46. Let z = -16708 + 16711. Calculate b(z).
-2
Let d(n) = 3126*n**2 - 3101*n**2 + 2 + n**3 - 12. Give d(-25).
-10
Let p(k) = k**3 - 3*k**2 - 4*k - 1. Suppose f - m + 125 = -2*f, -4*m = -5*f - 220. Let d be 10*((-128)/(-20) - 2). Let w = d + f. Determine p(w).
-1
Let w be 7*292/112 + 10/(-8). Suppose w = 15*m - 28. Let a(j) = -j**3 + 3*j + 4. Give a(m).
-14
Let g(o) = o**2 - 24*o + 98. Let i be g(5). Let k be (i/4 - 1)*0/(-18). Let z(a) = -a**3 - a**2 + 5. Determine z(k).
5
Let o(s) = -2*s**3 - 11*s**2 + 6*s + 14. Let n = 12609 + -12615. Calculate o(n).
14
Suppose -10 = -7*b + 2*b - 5*a, -5*a = -b + 14. Let h be ((-2)/b*2)/(-1). Let z(m) be the second derivative of -3*m**5/20 - m**3/6 + m - 1027. Give z(h).
-4
Let z(x) be the third derivative of x**8/10080 - x**7/720 - x**6/144 + 11*x**5/10 + 4*x**2 - 7. Let k(n) be the third derivative of z(n). Determine k(6).
25
Let o(g) = g**3 - 17*g**2 - 581*g + 104. Let u be o(34). Let b(n) be the second derivative of -1/6*n**4 + 0 - 2*n + 1/3*n**3 + n**2. Determine b(u).
-2
Let k(n) = 4*n**2 - 76*n - 4. Let t be k(21). Let p = 171 - t. Let i(c) = -c**2 + 4*c + 5. What is i(p)?
-16
Let f be ((-30)/(-25))/(-2*(-21)/(-490)). Let h(y) = y**2 + 18*y + 21. Determine h(f).
-35
Let h(y) = 13*y**3 + y + 3. Let x(t) = -10*t**3 - 3. Let m(s) = -3*h(s) - 4*x(s). Give m(2).
5
Let q(i) be the third derivative of -i**4/24 - 5*i**3/2 - i**2 - 125*i. Suppose -5*j + 4 = -1, 2*a + 2*j = -16. What is q(a)?
-6
Let r be (-143)/7 + 228/532. Let q(p) = -p**3 - 19*p**2 + 19*p - 1. What is q(r)?
19
Let u(z) be the first derivative of 153*z**2/2 + 606*z - 5031. What is u(-4)?
-6
Let u(m) be the third derivative of -1/6*m**3 + 0*m - 23*m**2 + 0 - 5/12*m**4. Let x = -26 + 25. Calculate u(x).
9
Let f(o) = o**2 + o + 4. Let k(i) = -3*i**3 + 4*i**2 + 3*i. Let x(l) = -12*l - 145. Let n be x(-12). Let g be k(n). Determine f(g).
24
Let c(o) = -o**3 + 7*o**2 + o + 4. Let z = -212 + 217. Determine c(z).
59
Let a(q) = -8*q**3 - 5*q**2 + 26*q + 5*q**3 - 3 - 10*q + 4*q**3 + 14*q**2. Give a(-6).
9
Let h(d) be the first derivative of -9*d**4/2 - d**3/3 - d**2 - d + 18. Suppose -4*v = 5*s + 19, 5*s + 31 - 13 = -3*v. What is h(v)?
18
Let o(l) = -4 + 1 + 4*l + l. Suppose 0 = 826*a - 4951 - 2028 + 371. Calculate o(a).
37
Let o(j) = 4*j**2 - 96*j + 57*j - 3*j**3 - j**2 + 36*j + j**3 + 4. Determine o(4).
-88
Let w be 0 + 2/(-11) + 20/110. Suppose 5*g - 4*a - 25 = -w*g, 5*g - 5*a - 30 = 0. Let q(m) = 98*m - 105*m + g - m**2 - 1. Calculate q(-8).
-8
Let u(n) = -3*n. Let w be u(-1). Let v(x) = 42*x + 7 + x**w - 9*x + 11*x**2 - 23*x. Calculate v(-10).
7
Let l(c) = c**3 - 2*c**2 - c + 1. Suppose -4*h + 72 = -2*u, -6 = 5*u + 3*h + 109. Let q = 86 + u. Let y = q - 57. Determine l(y).
7
Let n(m) be the third derivative of m**6/120 - 3*m**5/20 + 5*m**4/8 - 8*m**3/3 - 1764*m**2. Give n(7).
-9
Let z(n) = 91*n + 276. Let y = 20433 + -20436. Give z(y).
3
Let s(f) = -f**2 - 2*f + 4. Suppose 31 = -4*v + 4*a - 57, 3*v + 2*a = -76. Let h be ((-20)/(-16))/(6/v). Calculate s(h).
-11
Let c be 0/(-1) + -29 + -2. Let d = c - -33. Let v(z) = 6*z + 2*z**d - 6 - 5*z**2 + 2*z**2 + 3*z**2. What is v(-5)?
14
Let v(b) be the third derivative of b**5/10 - b**4/8 - 13*b**3/6 - 51*b**2 - 2. Let w(g) = -2*g**2 + 2. Let z(r) = -v(r) - 6*w(r). Calculate z(-1).
4
Let q(k) = -21*k - 28. Let p(n) = 6*n + 22. Let i(z) = -p(z) - q(z). Give i(5).
81
Let p(r) be the second derivative of -1/12*r**5 + 0 + 4*r - 1/6*r**4 + 1/120*r**6 - 4/3*r**3 + 2*r**2. Let a(y) be the first derivative of p(y). Give a(6).
4
Let u(y) = 20*y - 4. Suppose o - 6 + 25 = 3*c, 3*o + 3*c - 15 = 0. What is u(o)?
-24
Let b(o) = 43*o**2 + 29*o - 5. Let w(j) = 26*j**2 + 15*j - 3. Let y(z) = -3*b(z) + 5*w(z). Calculate y(13).
13
Let y(l) be the second derivative of -l**3/6 + l**2/2 - l. Let q = 111 + -109. Suppose 5*i - 5*z + 20 = 0, 6*i - i + 8 = q*z. Determine y(i).
1
Let r(w) = -w**3 + 2*w**2 + 5*w + 9. Let k be r(-2). Let q be 1*6*(20/k)/(-4). Let a(z) = z**2 + 2*z. Calculate a(q).
0
Let o(l) be the third derivative of l**6/180 + l**5/40 + l**4/24 + l**3 + l**2 + 5*l. Let g(t) be the second derivative of o(t). Determine g(4).
19
Let d(o) = -o**2 + 11*o - 21. Let z = -17007 + 17010. Determine d(z).
3
Let g(d) = -d**3 + 25*d**2 - 22*d - 21. Let m be g(24). Suppose 0 = 5*f - m + 12. Let q(v) = -1 + 8*v**f + 2*v**2 + 3*v**3 - 12*v**3 + 6*v. What is q(4)?
-9
Suppose 2*z + 3*j = 0, 5*j = z + 6 - 32. Let w(g) = -z + 48*g - 50*g + 4. Give w(-3).
4
Let y(k) be the second derivative of k**5/20 - 7*k**4/4 - 4*k**3 + 35*k**2/2 - 1646*k. Give y(22).
-9
Let j(g) = -5*g + 155. Let o = -19232 + 19262. Determine j(o).
5
Let c = 256 - 254. Let y(q) = -4*q**2 + 2*q**c + 2*q - 3*q. Determine y(1).
-3
Let s(f) = f - 3. Let g be s(6). Let d(b) be the second derivative of b**4/12 - 5*b**2/2 - 38*b - 2. Let n be d(g). Let z(w) = -w + 6. Determine z(n).
2
Suppose 4*v - 40 = 4*j, -3*v + 3*j = 6*j. Suppose -u + 6*i - v*i = 4, -3*u + 5*i = 12. Let g(b) = b - 3. What is g(u)?
-7
Suppose 25 = 4*n + 5*k, 0*k - 4*k = n - 20. Let x(a) = -41*a**2 - 25*a. Let o(b) = 5*b**2 + 3*b. Let r(q) = 8*o(q) + x(q). Determine r(n).
0
Let l(w) = -8*w**2 - 15*w - 8. Let f be 3/((-1 + 8 - (-99)/(-18)) + -3). Give l(f).
-10
Let o be ((-4 - -17) + -12)*13. Let l(w) = w**3 - 11*w**2 - 26*w - 5. Give l(o).
-5
Let x(d) = -2*d**2 + 3*d + 3. Let y(u) = -u**3 + 15*u**2 + 16*u - 40. Let c be y(16). Let f = -24 - c. Let o = f + -13. Give x(o).
-6
Let p(h) = -h - 1. Let v(m) = -m - 2. Let y(r) = 3*r + 4. Let t(k) = -4*v(k) + y(k). Let x(z) = 5*p(z) + t(z). Calculate x(-8).
-9
Let h(o) = -12*o + 4. Let y be 288/20 + 16/(-40). Let q(t) = -58*t + 22. Let d(x) = y*h(x) - 3*q(x). Determine d(8).
38
Suppose -63*h = -6*h - 200 - 28. Let p(c) = c**3 - 4*c**2 + 8*c - 2. Give p(h).
30
Let t(q) be the second derivative of q**5/5 + q**4/4 + q**3/2 + 2*q**2 - 2*q - 299. Calculate t(-2).
-22
Let c(i) = -7 + 2 + 7*i - 21*i - 5 + 11*i. Suppose 4*j - 3*j = -4*m - 19, -5*m + 5*j - 5 = 0. What is c(m)?
2
Suppose -5*n + n = -20. Suppose -n*c + 45 = -4*h, 0*h + 10 = -2*h. Suppose 0 = -3*k - y - 1, c*k - 17 = -y + 4*y. Let a(x) = x**3 - x**2 + x - 1. Give a(k).
0
Let l(q) = -11*q**3 - 1. Let g = -161 + 169. Suppose -61 = -g*o - 53. Give l(o).
-12
Let c(j) = -j**2 + 13*j - 34. Suppose -3164*k - 15 = -3165*k + y, 0 = -2*k - 4*y + 18. Calculate c(k).
-34
Let g(d) = d**3 - 18*d**2 - 10*d - 2. Let k = -1547 + 1566. Calculate g(k).
169
Let w be 4/(-10)*(-15 + 20). Let l(s) = -19*s**2 + 10*s - 3. Let m(u) = 6*u**2 - 3*u + 1. Let q(y) = w*l(y) - 7*m(y). Give q(2).
-15
Let s(n) = -4*n**3 - 4*n**2 - 5*n + 22. Let x(p) = p**3 + p - 3. Let l(m) = s(m) + 5*x(m). Give l(3).
-2
Let k(z) be the first derivative of 17*z**2/2 - z + 31267. Let i = 4 + -3. Give k(i).
16
Suppose 37*a - 44 + 192 = 0. Let d(i) = -3*i**2 - 9*i - 12. Calculate d(a).
-24
Let s be ((-2)/(-4)*-2)/((-13)/767). Let p(f) = -27 - 31 + 3*f + s - 4*f. What is p(1)?
0
Suppose 263*j - 18 = 272*j. Let h(k) = -3*k + 30. Let r(t) be the second derivative of -t**3/6 + 7*t**2 - t. Let y(d) = j*h(d) + 5*r(d). What is y(-5)